etermine i(c).
0
Suppose -19 = -4*i + 3*z, -5*i = -2*z - 16 - 6. Let s(k) = k**3 - 5*k**2 + 3*k + 3. Give s(i).
-1
Let c(h) = -8*h + 6. Let o(p) = 13*p - 13. Let x(g) = 5*c(g) + 3*o(g). Give x(-15).
6
Let t = -1397 + 1399. Let b(c) = c**2 - 3*c - 1. Calculate b(t).
-3
Let v(t) = t - 2. Suppose 16 = 9*c - c. Suppose -3*s + 5*s + 7 = p, -5*p + 11 = -c*s. What is v(p)?
-1
Let u = 44 + -47. Let f(r) = r**2 + 2*r - 8. Let q be f(u). Let y(b) = 0*b + b + 7 + 2*b. Calculate y(q).
-8
Suppose -5*v - 2*z = -32, 2*z + 3*z = v - 1. Suppose -a - 6*w + 6 = -w, -5*a + 84 = -2*w. Let g(k) = -2*k - 2*k + k**2 - a + 10. Give g(v).
6
Let j(r) = -r - 15. Suppose 33*f = 24*f. Calculate j(f).
-15
Suppose 2*w - h + 37 = -2*h, w = 5*h - 46. Let z be (-250)/(-15)*12/(-10). Let r = z - w. Let d(p) = -10*p**3 + p**2 + p - 1. Calculate d(r).
-9
Let g(k) = -604*k**2 + 1207*k**2 - 598*k**2 - k**3 - 4*k + 6. What is g(4)?
6
Suppose -6*w + 143 = 149. Let k(r) = 5*r**3 - 2*r**2 - r + 1. Determine k(w).
-5
Let t(w) = -w**3 - 13*w**2 + w + 11. Let f(l) = -l**3 + 12*l**2 - 13*l + 9. Let u be f(11). Calculate t(u).
-2
Let t(r) = -5*r**2 + 5*r + 5. Suppose -17*d + 31 = 65. Determine t(d).
-25
Let w(u) = 6*u**3 - 8*u**2 + 2*u - 10. Let h(q) = -41*q**2 + 41*q**2 + q**3 - 1. Let m(n) = 5*h(n) - w(n). Give m(8).
-11
Let v = 1 + 5. Suppose -d + 4*a = -23, 9 = d - 5*a - 16. Let b(z) = 14*z - 4 + d*z - 28*z. Give b(v).
2
Let c(a) = 2*a + 1. Let f(z) = 5*z + 1. Let j(q) = 4*c(q) - f(q). What is j(-5)?
-12
Let v = 3883/5160 - 32/43. Let k(d) be the third derivative of -1/20*d**5 - v*d**6 + 0*d + 0 - 4*d**2 - 1/12*d**4 - 1/6*d**3. Determine k(-2).
-1
Let h(v) = -v**2 - 2 + 14 - 6*v - 10. Give h(-5).
7
Let q(f) = -f**2 + 5*f + 3. Let n(w) = w**2 + 34*w + 97. Let k be n(-31). Give q(k).
7
Let r(m) = -m. Let j be (2/(-2))/(-4*6/2784). Let i = j + -122. Give r(i).
6
Let d(z) = 6*z - 7 - 1 + 0 - z**2 - 5 + 8. What is d(3)?
4
Let c(v) be the second derivative of v**4/12 + 7*v**3/6 + 3*v**2 - 17*v - 2. Give c(-8).
14
Let c(s) = -s**2 + 5*s - 1. Suppose 4*n + 4 = j - 3, -18 = 3*n - 5*j. Let w be n - -3*(2 + -1). Let h be c(w). Let u(g) = g**2 - 5*g + 4. What is u(h)?
4
Let y(u) = u**2. Let w(g) = 2*g**2 + 8*g - 9. Let s(m) = -w(m) + 3*y(m). Suppose 54 = 12*q - 9*q. Let f be 2/6*(q - 0). What is s(f)?
-3
Let w(v) = 3*v - 7. Let m be (211*1 - -1)/(-1). Let p be 0 + 4/12 - 665/15. Let l be m/p - (-8)/44. What is w(l)?
8
Let x(o) = 5*o + 38 - 27 + 2*o - 53. Give x(6).
0
Let c(o) = -5*o**2 - 7*o + 7. Let y(s) = -7*s**2 - 9*s + 9. Let k(g) = 3*c(g) - 2*y(g). Suppose 4*l = 4*d, -2*l - 2*l = -5*d - 3. Calculate k(d).
3
Let u(c) = -2*c**2 + 2 + 15*c - 11*c - 3*c. Give u(-3).
-19
Let w(q) = q**2 - q - 3*q - 3 + q + 7*q. Let l(r) = r**2 + 5*r - 4. Let y(n) = -4*l(n) + 5*w(n). Give y(2).
5
Let b(v) = v**3 - 2. Let j(f) = -5*f**3 - f**2 + 3*f + 9. Let k(s) = -4*b(s) - j(s). What is k(-3)?
-10
Let p(d) = -3*d**3 - 5*d**2 + 4*d + 4. Let g(w) = 13*w**3 + 20*w**2 - 16*w - 15. Let s(r) = 2*g(r) + 9*p(r). Calculate s(-6).
18
Let z(b) = 2*b - 4. Let o(t) = t**2 - 11*t + 19. Let a be o(9). Suppose -4*r + a = 2*x - 11, -r - 19 = -5*x. Suppose 0 = -x*h + 9 + 11. Calculate z(h).
6
Let l(r) = r**3 - r**2 + r - 14. Suppose -4*g - 3*g = 7*g. What is l(g)?
-14
Let d(t) = -t + 7. Suppose -h + m = 9 - 2, -h - 11 = 3*m. Let b be ((-9)/(-3))/(-6)*h. Let l be 1 + (-3 - (b + -1)). Calculate d(l).
12
Let c = 1 - -1. Let y(g) = -4*g + 2. Let v be y(c). Let f(u) = -19*u + 3*u + 5*u + u + 7*u + 2*u - 7. Give f(v).
-1
Let i(z) be the third derivative of 0 - 1/3*z**3 + 0*z - 1/60*z**5 - 15*z**2 + 5/24*z**4. Calculate i(4).
2
Let g(b) = -54 + 115 + b - 60. Give g(-2).
-1
Let s(h) = 3*h**2 + 3*h + 1. Let y be 2/(14 + 0) - (-990)/(-462). What is s(y)?
7
Let l(i) be the second derivative of -i**4/12 - i**3/6 + 13*i**2 - 710*i. What is l(-6)?
-4
Let q(u) be the first derivative of u**2/2 + 20*u - 386. Give q(-11).
9
Let o(s) = -6*s + 14 - 5 - 13. Give o(-4).
20
Suppose 2*q - 21 = -9. Suppose 0*v + q*v + 12 = 0. Let d(z) = z**3 + 4*z**2 + 2*z - 1. What is d(v)?
3
Let q(v) = -v**3 + 5*v**2 - 3*v + 2. Let k be q(4). Let a(u) = 4 + 6 - 3*u - k + 0. Calculate a(-5).
19
Let o(u) = -2*u**2 + 7*u + 7. Let f(s) = -s**2 + 5*s + 5. Let j(v) = 3*f(v) - 2*o(v). Give j(-2).
3
Let q(w) = 28*w - w**2 + 279 - 289 - 23*w. What is q(4)?
-6
Let p(h) = -8*h + 3. Let l(x) be the third derivative of x**6/120 - 2*x**5/15 - 5*x**4/6 + x**3/3 - 6*x**2. Let c be l(10). Determine p(c).
-13
Let z(x) = 2*x**2 + 6*x + 6. Let f(b) = b**3 - b**2 - b - 20. Let r be f(3). Give z(r).
26
Let g(v) be the third derivative of -1/12*v**4 - 6*v**2 + 0 + v**3 + 0*v. Determine g(5).
-4
Let n(q) = -11*q**2 + 3*q - 7. Let u(f) = 30*f**2 - 8*f + 20. Let x(m) = -11*n(m) - 4*u(m). What is x(5)?
17
Let u(r) = 2*r + 1. Let n(z) = -5*z**3. Let c be n(-1). Suppose -c*f - 31 = -2*o, 16 = -4*f - f - 3*o. Determine u(f).
-9
Let t(v) be the second derivative of -v**3/6 - v**2/2 - 58*v + 2. Determine t(1).
-2
Let s(b) = b + 8. Let n be s(-6). Let m(d) = -d**2 - 3*d + 7. Let y be m(-4). Let a(i) = -3*i + 7*i + 4 + 0*i - n*i**2 + 5*i**2 + i**y. Calculate a(-3).
-8
Let j(b) be the third derivative of b**5/60 + b**4/4 - b**3/6 + 4*b**2 - 2*b. What is j(-2)?
-9
Suppose -5*p - 17 = 3. Let l(g) = 6*g - 1. Let c(x) = -x + 1. Let m(s) = -5*c(s) - l(s). Determine m(p).
0
Let d(j) = -j + 7. Suppose 4*a = -10 - 230. Let u = a - -68. Give d(u).
-1
Let w(q) be the third derivative of -q**4/24 + q**3/6 + 3*q**2. Let x be (-1170)/208 - (9/24 + 0). Calculate w(x).
7
Let c(m) be the second derivative of 1/6*m**3 + 5*m**2 - 8*m + 0. Suppose -21 + 6 = 3*i. Determine c(i).
5
Let p(z) = -z**3 + 6*z**2 - z + 8. Let u be (-4)/12 - 59/3. Let v be (-135)/u - (-3)/(-4). Determine p(v).
2
Suppose -8 + 8 = -3*q. Let a be -1 - 4/(1*-1). Suppose 3*j = 3, 2*m + 0*j - 5*j - a = q. Let b(d) = -2*d + 4. Give b(m).
-4
Let b = 15 - 15. Let g(v) be the third derivative of -v**5/120 - 5*v**4/24 - 5*v**3/6 - 9*v**2. Let x(o) be the first derivative of g(o). What is x(b)?
-5
Suppose 3*h - d = -5, -d - 19 = -43*h + 48*h. Let b(q) = 2*q + 4. Determine b(h).
-2
Let t = 25 + -33. Let h(w) = w + 6. Let b be h(t). Let m(d) = 5*d**2 + 2*d + 2. Calculate m(b).
18
Suppose -15*w - 4 + 19 = 0. Let m(z) = 6*z + 1. Calculate m(w).
7
Let c(b) = -2 - 3*b - 6 + 4 + 6. What is c(2)?
-4
Let v(s) = -2*s**2 - 3*s - 3. Let p be ((-4)/(-12))/(5/(-45)). Give v(p).
-12
Suppose 2*y + 30 = -2*k, -y = -k + 36 - 15. Let f = -24 - y. Let z(n) = 3*n + 6. Calculate z(f).
-12
Let l(y) = -2*y**3 + 3*y**2 + 2*y - 5. Let r(d) = 2*d**3 - 3*d**2 - 2*d + 7. Let k(h) = -3*l(h) - 2*r(h). Calculate k(-1).
-2
Let w(b) = -2*b + 16. Let r(q) = 3*q - 24. Suppose 5*d - 18 = 2. Let l be ((-15)/6)/(2/d). Let t(g) = l*r(g) - 8*w(g). Give t(0).
-8
Let s(f) = -f**3 + 7*f**2 - 6*f + 6. Let g(o) be the first derivative of o**3/3 + 13*o**2/2 + 15*o + 9. Let z be g(-12). Suppose q = z*q - 12. Determine s(q).
6
Let y(u) be the second derivative of u**3/2 - 3*u**2/2 + 19*u. Calculate y(4).
9
Let x(r) = -r**2 + 7*r - 5. Let g be 9 + -7 + 1 + 1. Determine x(g).
7
Let m = 8 + -14. Let h(p) be the first derivative of p**5/120 + p**4/12 + 7*p**3/3 - 9. Let r(d) be the third derivative of h(d). Calculate r(m).
-4
Let y(t) = -3*t - 4. Let n be (-5)/(-15) - (-14)/3. Suppose 6 = -0*m + m - 3*v, n*m + 4*v - 11 = 0. Suppose 4*b + m = -9. Determine y(b).
5
Let b be 32/(-80) - (-24)/(-40). Suppose 0 = a - 5*r - 2, 0*a - 8 = -4*a - 5*r. Let v(c) = 10*c**a + 2*c - 4*c + 2 - 3. Determine v(b).
11
Let m(i) = -i**2 - 11*i - 11. Let o = -1190 + 1180. Give m(o).
-1
Let d(t) = 26*t - 4. Let q(w) = 22*w - 3. Let p(f) = -4*d(f) + 5*q(f). Give p(5).
31
Let y(w) = w**2 - 18*w + 19. Let d be y(17). Let g(o) = -6*o - 12*o**d + 13*o**2 - 3 + 0 + 2*o. Give g(4).
-3
Suppose -140 = -3*p + 7*p - 4*q, 2*p + 75 = q. Let l be 16/p + 94/10. Let z be (l/(-27))/((-1)/18). Let s(t) = -t**2 + 4*t + 6. Calculate s(z).
-6
Let j(d) = -13*d**2 + 6*d + 31. Let a(h) = 8*h**2 - 3*h - 18. Let n(k) = -5*a(k) - 3*j(k). Suppose 4*m - 6*m = -22. Let r = -15 + m. Give n(r).
-7
Suppose u - 7 = -10. Let v = u + 1. Let g be (0 - -3) + v - 2. Let s(k) = 5*k**3 - k**2 - k - 1. Calculate s(g).
-6
Suppose 5*c - 560 = -0*c. Let b = c + -106. Let g(l)